5236.
2, 7, 11, 17
List the prime factors of 4501.
7, 643
List the prime factors of 232.
2, 29
List the prime factors of 65234.
2, 13, 193
List the prime factors of 1548.
2, 3, 43
List the prime factors of 3454.
2, 11, 157
List the prime factors of 11199.
3, 3733
List the prime factors of 850.
2, 5, 17
List the prime factors of 15379.
7, 13
List the prime factors of 5953.
5953
What are the prime factors of 7980?
2, 3, 5, 7, 19
List the prime factors of 105389.
105389
What are the prime factors of 1316?
2, 7, 47
List the prime factors of 7193.
7193
What are the prime factors of 67859?
11, 31, 199
What are the prime factors of 164?
2, 41
What are the prime factors of 3673?
3673
List the prime factors of 10938.
2, 3, 1823
List the prime factors of 5302.
2, 11, 241
List the prime factors of 993.
3, 331
What are the prime factors of 5246?
2, 43, 61
What are the prime factors of 537?
3, 179
What are the prime factors of 594?
2, 3, 11
What are the prime factors of 87?
3, 29
List the prime factors of 7017.
3, 2339
List the prime factors of 2568.
2, 3, 107
List the prime factors of 1205.
5, 241
What are the prime factors of 4758?
2, 3, 13, 61
What are the prime factors of 10455?
3, 5, 17, 41
List the prime factors of 10967.
11, 997
List the prime factors of 644.
2, 7, 23
What are the prime factors of 117348?
2, 3, 7, 11, 127
List the prime factors of 787.
787
What are the prime factors of 23144?
2, 11, 263
What are the prime factors of 7663?
79, 97
List the prime factors of 3197.
23, 139
What are the prime factors of 32471?
19, 1709
What are the prime factors of 4096?
2
What are the prime factors of 46133?
46133
What are the prime factors of 81176?
2, 73, 139
What are the prime factors of 4665?
3, 5, 311
List the prime factors of 2055.
3, 5, 137
List the prime factors of 599.
599
What are the prime factors of 1101?
3, 367
List the prime factors of 10446.
2, 3, 1741
List the prime factors of 1279.
1279
List the prime factors of 2585.
5, 11, 47
What are the prime factors of 16?
2
List the prime factors of 645.
3, 5, 43
What are the prime factors of 62010?
2, 3, 5, 13, 53
List the prime factors of 948.
2, 3, 79
What are the prime factors of 754?
2, 13, 29
What are the prime factors of 75?
3, 5
What are the prime factors of 29628?
2, 3, 823
What are the prime factors of 11601?
3, 1289
What are the prime factors of 42154?
2, 7, 3011
What are the prime factors of 4777?
17, 281
What are the prime factors of 31756?
2, 17, 467
List the prime factors of 2223.
3, 13, 19
List the prime factors of 4300.
2, 5, 43
What are the prime factors of 1010?
2, 5, 101
List the prime factors of 20505.
3, 5, 1367
What are the prime factors of 1525?
5, 61
List the prime factors of 14158.
2, 7079
What are the prime factors of 1040?
2, 5, 13
List the prime factors of 227.
227
List the prime factors of 1853.
17, 109
List the prime factors of 27773.
27773
What are the prime factors of 377?
13, 29
What are the prime factors of 7775?
5, 311
List the prime factors of 1215.
3, 5
List the prime factors of 1442.
2, 7, 103
What are the prime factors of 89?
89
What are the prime factors of 37423?
37423
List the prime factors of 28473.
3, 9491
List the prime factors of 2548.
2, 7, 13
What are the prime factors of 861?
3, 7, 41
List the prime factors of 1380.
2, 3, 5, 23
What are the prime factors of 4432?
2, 277
List the prime factors of 1097.
1097
List the prime factors of 26348.
2, 7, 941
What are the prime factors of 71491?
7, 1459
What are the prime factors of 6?
2, 3
What are the prime factors of 2938?
2, 13, 113
List the prime factors of 1669.
1669
What are the prime factors of 4029?
3, 17, 79
What are the prime factors of 39715?
5, 13, 47
List the prime factors of 15569.
15569
What are the prime factors of 6768?
2, 3, 47
What are the prime factors of 5368?
2, 11, 61
What are the prime factors of 346?
2, 173
What are the prime factors of 1321?
1321
List the prime factors of 597.
3, 199
List the prime factors of 21485.
5, 4297
What are the prime factors of 226?
2, 113
What are the prime factors of 4217?
4217
What are the prime factors of 6684?
2, 3, 557
What are the prime factors of 78293?
59, 1327
List the prime factors of 42822.
2, 3, 13, 61
What are the prime factors of 122696?
2, 7, 313
List the prime factors of 109025.
5, 7, 89
List the prime factors of 70151.
29, 41, 59
What are the prime factors of 62100?
2, 3, 5, 23
What are the prime factors of 22055?
5, 11, 401
List the prime factors of 2426.
2, 1213
List the prime factors of 5605.
5, 19, 59
What are the prime factors of 82671?
3, 17, 1621
What are the prime factors of 18385?
5, 3677
List the prime factors of 63359.
17, 3727
What are the prime factors of 25152?
2, 3, 131
List the prime factors of 271.
271
List the prime factors of 13254.
2, 3, 47
List the prime factors of 8892.
2, 3, 13, 19
What are the prime factors of 9056?
2, 283
List the prime factors of 1258.
2, 17, 37
List the prime factors of 6243.
3, 2081
What are the prime factors of 2252?
2, 563
List the prime factors of 3325.
5, 7, 19
List the prime factors of 299.
13, 23
What are the prime factors of 9675?
3, 5, 43
What are the prime factors of 1875?
3, 5
What are the prime factors of 3735?
3, 5, 83
What are the prime factors of 1126?
2, 563
What are the prime factors of 3674?
2, 11, 167
List the prime factors of 1694.
2, 7, 11
What are the prime factors of 1451?
1451
List the prime factors of 6558.
2, 3, 1093
What are the prime factors of 315?
3, 5, 7
List the prime factors of 1404.
2, 3, 13
What are the prime factors of 38350?
2, 5, 13, 59
What are the prime factors of 120?
2, 3, 5
What are the prime factors of 21921?
3, 7307
What are the prime factors of 1002?
2, 3, 167
List the prime factors of 333.
3, 37
List the prime factors of 4426.
2, 2213
What are the prime factors of 1048?
2, 131
What are the prime factors of 912?
2, 3, 19
What are the prime factors of 12352?
2, 193
List the prime factors of 200193.
3, 7, 9533
List the prime factors of 49945.
5, 7, 1427
What are the prime factors of 20861?
23, 907
What are the prime factors of 1131?
3, 13, 29
What are the prime factors of 1114?
2, 557
What are the prime factors of 26478?
2, 3, 1471
List the prime factors of 7285.
5, 31, 47
List the prime factors of 197.
197
What are the prime factors of 626?
2, 313
List the prime factors of 4339.
4339
What are the prime factors of 795?
3, 5, 53
What are the prime factors of 1858?
2, 929
List the prime factors of 2044.
2, 7, 73
List the prime factors of 9245.
5, 43
List the prime factors of 23.
23
What are the prime factors of 21928?
2, 2741
What are the prime factors of 1388?
2, 347
List the prime factors of 189345.
3, 5, 13, 971
List the prime factors of 5917.
61, 97
What are the prime factors of 26828?
2, 19, 353
List the prime factors of 149.
149
What are the prime factors of 12090?
2, 3, 5, 13, 31
List the prime factors of 4639.
4639
What are the prime factors of 1686?
2, 3, 281
What are the prime factors of 1057?
7, 151
What are the prime factors of 1742?
2, 13, 67
List the prime factors of 4505.
5, 17, 53
What are the prime factors of 3183?
3, 1061
What are the prime factors of 2854?
2, 1427
What are the prime factors of 7707?
3, 7, 367
List the prime factors of 1106.
2, 7, 79
List the prime factors of 37562.
2, 7, 2683
List the prime factors of 161.
7, 23
What are the prime factors of 16675?
5, 23, 29
What are the prime factors of 33512?
2, 59, 71
List the prime factors of 6954.
2, 3, 19, 61
List the prime factors of 1661.
11, 151
What are the prime factors of 12537?
3, 7, 199
List the prime factors of 3310.
2, 5, 331
List the prime factors of 1752.
2, 3, 73
List the prime factors of 611.
13, 47
What are the prime factors of 17434?
2, 23, 379
List the prime factors of 14298.
2, 3, 2383
List the prime factors of 3133.
13, 241
What are the prime factors of 28975?
5, 19, 61
List the prime factors of 32365.
5, 6473
What are the prime factors of 6243?
3, 2081
List the prime factors of 15.
3, 5
What are the prime factors of 14046?
2, 3, 2341
List the prime factors of 29894.
2, 14947
What are the prime factors of 8546?
2, 4273
List the prime factors of 1646.
2, 823
What are the prime factors of 41133?
3, 13711
What are the prime factors of 39498?
2, 3, 29, 227
List 